e factors of o.
5, 7
Suppose 14*w = -2*w + 19952. Suppose -w = -15*a + 3313. List the prime factors of a.
2, 19
Suppose 5*q - 9 = 11. Suppose -3*o - 36 = q*r, 41 = -o - 3*o - 3*r. Let a(j) = 2*j**2 + 10*j + 8. List the prime factors of a(o).
2, 7
Suppose 0 = -5*g + 15, -15 = 5*p - 6*g + g. Suppose p = 11*i - 13 - 42. Suppose 5*z + 2*b = 1419, i*z - b - 1428 = -0*b. What are the prime factors of z?
3, 5, 19
Let a = 3352 + 14029. What are the prime factors of a?
7, 13, 191
Suppose -1265*t + 1238*t = -281988. What are the prime factors of t?
2, 7, 373
Let q(f) = -659*f - 660*f + 5*f**2 + 1323*f - 11*f**3 - 2. List the prime factors of q(-2).
2, 7
Suppose 2*y + 4*r + 2 = 36, 2*r = 2*y - 4. Suppose n = -4, 2*d = 2*n - y*n + 748. What are the prime factors of d?
2, 3
Suppose -5*u + 3*n = -6*u - 6, -n = -2*u + 16. Suppose 0 = -3*z + 5*y + 66, z = -5*y + y + 5. Let g = u + z. What are the prime factors of g?
23
Let b = -5229 + 3602. Let o = b - -2516. List the prime factors of o.
7, 127
Let m = 321 - 309. Suppose -m*y - 572 + 4652 = 0. List the prime factors of y.
2, 5, 17
Suppose -19*z + 73122 = 23*z. List the prime factors of z.
1741
Let v be (-4)/10 + ((-624)/(-15))/4. Suppose -5*g = 3*n - 24, -5*n + 2 = -g - v. Suppose g*b - 192 - 189 = 0. What are the prime factors of b?
127
Let t = -14586 + 22244. List the prime factors of t.
2, 7, 547
Let y(n) = -n**2 - 22*n + 13. Let o = -60 + 43. Let q be y(o). Suppose u = q + 4. List the prime factors of u.
2, 3, 17
Suppose -2*j - 3*v + 360 = 0, -6 = -5*v + 4. Suppose 179*u - j*u - 478 = 0. List the prime factors of u.
239
Let v(q) be the third derivative of -43*q**4/6 - 26*q**3/3 + q**2 - 23. What are the prime factors of v(-5)?
2, 101
Let r = -583 - -1475. Suppose 3*c + 2*a = r, c - 4*a = 202 + 86. What are the prime factors of c?
2, 37
Suppose 5*d - 103 = -3*g + 39, -5*d = g - 34. Let v = g + 33. What are the prime factors of v?
3, 29
Suppose 227831 = 4*t - 347*k + 352*k, -113923 = -2*t + 5*k. What are the prime factors of t?
7, 79, 103
Let o(c) = -2*c**3 + c**2 + 6*c - 2. Let u be o(2). What are the prime factors of (80/4)/(u/(-34)) - 3?
337
Let h(v) = -v + 4. Suppose a + 4*y = -10, 0*a + 2*a + 3*y + 5 = 0. Let j be h(a). Suppose -b + 3*o + 2*o = -30, j*o = 6. What are the prime factors of b?
3, 5
Suppose -2*m + 26302 = -n, 12*n = -5*m + 17*n + 65770. List the prime factors of m.
2, 19, 173
Let q = 1003 + 2989. List the prime factors of q.
2, 499
Suppose 3*l - 4*g - 3035 = 0, -3*l = 4*g - 6*g - 3025. What are the prime factors of l?
3, 5, 67
Let i = -1 - -17. Let d be 1*50 + i/4. List the prime factors of (-4)/(-18) + 5172/d + 6.
2, 3, 17
Let w(b) = b - 18. Let n be w(17). List the prime factors of 0 - (13 + -1380) - 1*n.
2, 3, 19
Suppose 0 = b - 4, -5*b + b + 21 = 5*s. What are the prime factors of 332 - (s + -8 + 1)?
2, 13
Let h(c) = 2*c + 1. Let s be h(18). Suppose 38*k - 689 = s*k. What are the prime factors of k?
13, 53
Suppose -3*w - 3*h + 3 = -3, -4*w + 6 = 2*h. List the prime factors of (-7 + w)/(18/(-2223)).
3, 13, 19
Let s(a) = 5867*a - 6112. List the prime factors of s(6).
2, 5, 2909
Let x be ((-6)/(-27) - 2956/18)/(-1). Suppose 9*b - x = 5*b. Let h = 40 + b. What are the prime factors of h?
3
Let c = -36 + 43. Let j = 22 - c. Suppose 20 = 7*y - j. What are the prime factors of y?
5
Suppose 3*h - 25 = -2*h. Let a(c) be the first derivative of 2*c**3/3 - 4*c**2 + 10*c - 83. List the prime factors of a(h).
2, 5
Let q(u) = u**2 + 40*u + 124. Let i be q(-37). List the prime factors of 8/104*i + -1 + 1124.
2, 281
Let o = 2695 + -2331. List the prime factors of o.
2, 7, 13
Let j(m) = m**2 - 15*m - 1. Let o = 71 - -65. Suppose -24 - o = -8*a. List the prime factors of j(a).
3, 11
Let r(k) = 2*k**2 + 2*k - 13. Let f be r(-9). Suppose -m - o = -140, -m + 5*o + f + 33 = 0. List the prime factors of m.
2, 3
Let p(n) = -3*n**3 - 14*n**2 - 19*n + 90. List the prime factors of p(-16).
2, 4549
Suppose 0 = -10*q + 2*q + 40. Suppose -q + 13 = w. Let h(y) = y**3 - 8*y**2 + 6*y. What are the prime factors of h(w)?
2, 3
Let y be (1/(-3))/(18/(-162)). Suppose -3*x + 146 + 193 = y*s, 117 = s + 3*x. What are the prime factors of s?
3, 37
Let m = 68 + -63. Suppose 4*d + t - 6 = 0, -m*t = -d + 6*d. Suppose -3*l - d*l + 60 = 0. What are the prime factors of l?
2, 3
Let u(g) be the second derivative of -g**5/20 - 5*g**4/4 - 14*g**3/3 - 13*g**2/2 - 3*g. What are the prime factors of u(-13)?
13
Suppose 2*l - 59536 = 2*s, -59488 = -2*l - 190*s + 186*s. What are the prime factors of l?
2, 3, 5, 31
Let m = 64 - 65. Let x be m + 1 + (1 + -3)*-6. List the prime factors of 30/4*(236/x + -1).
2, 5, 7
Let l = -6 - -6. Suppose 0 = 6*w - l*w - 162. Suppose 110 = 4*k + 2*y, -3*k + 54 = 3*y - w. What are the prime factors of k?
2, 7
Let j be -7 + (10 - 2) + 1003. Let t = 1493 - j. List the prime factors of t.
3, 163
Let b(k) = k**3 + 10*k**2 - 23*k - 41. Let z be b(-14). Let v = -220 - z. List the prime factors of v.
283
Suppose 5*q - 9*q = 4. Let a be ((8/(-12))/q)/(2/6). Suppose 0 = a*d - 12 - 170. What are the prime factors of d?
7, 13
Suppose 0 = -22*k + 26*k - 1188. Let c = -141 + -59. Let a = c + k. List the prime factors of a.
97
Let o = 25412 + -14655. List the prime factors of o.
31, 347
Suppose 35 = 6*h + h. Suppose -h*y - b + 28 = 0, -4*y + 3*b + 5 = -6. Suppose 0 = w - 3*w + y*m + 242, 4*m - 242 = -2*w. List the prime factors of w.
11
Let v = 12111 + -6006. What are the prime factors of v?
3, 5, 11, 37
Let p(l) = -76*l - 41. Let n be (6/4)/((-189)/882). List the prime factors of p(n).
491
Let h(o) = o**3 - 37*o**2 + 210*o + 177. What are the prime factors of h(39)?
3, 3803
Let j(p) = -10 + 6 + 16 + 42*p**2 + 6*p. List the prime factors of j(-5).
2, 3, 43
Suppose 989 = 16*n + 4781. Let v = -210 - n. What are the prime factors of v?
3
Let i = -12 - -67. Suppose -4*y + 3*g + 2 = -2*g, 3*g = -2*y + 12. Suppose 2*r - y*k = 45, -2*r + 3*k = -2*k - i. What are the prime factors of r?
3, 5
Suppose -16 = 2*l + 2*l. Let r = -1026 + 1024. List the prime factors of (-82)/4*-1*l/r.
41
Suppose 7*y - 458 = 172. Let a be (-4)/4 - (-2 - y). Let b = a - 17. What are the prime factors of b?
2, 37
Let v(j) = j**3 - 5*j**2 - j + 7. Let k be v(5). Suppose m - 12 = -k*w + 2, -w = m - 9. Suppose m*z = -4*t + 12, t + 4 = -4*z + 22. List the prime factors of z.
5
List the prime factors of (-36)/45 - (-839876)/95.
2, 5, 13, 17
Let q = 34513 + -19150. List the prime factors of q.
3, 569
Let w be (4 - 3) + (-12 - -2). Let l be (-12)/9 + (-39)/w. Suppose l*u = 7*u - 388. List the prime factors of u.
97
Let n = -25 - 855. Let d = n - -1794. List the prime factors of d.
2, 457
Let m = -20 + -31. Let j be 877/5 + (m/15 - -3). Suppose 4*h + j = 455. What are the prime factors of h?
2, 5, 7
Let r(f) = 13*f**2 - 2*f - 3. Let w be r(-1). List the prime factors of (2428/w + 5)*(-6)/(-4).
311
Suppose -6*b = -777 - 11295. Suppose -4*m = -2*c - 3*m + b, -c + 4*m = -1013. What are the prime factors of c?
3, 5, 67
Let l = -936 - -952. Suppose l - 104 = -k. List the prime factors of k.
2, 11
Let h = -93 + 41. What are the prime factors of (2 - 16544/h) + 8/(-52)?
2, 5
Let o(t) = t**2 + 64. Let y = 38 - 35. Suppose -4*q + h = 5, q + 5*h - 25 = y*q. What are the prime factors of o(q)?
2
Suppose -279 = -116*k + 107*k. Suppose -930 = -2*z - 4*n, -36*n - 5 = -k*n. What are the prime factors of z?
467
Let i = -11552 + 20095. What are the prime factors of i?
8543
Let p(o) be the second derivative of o**4/6 + 5*o**3/2 - 3*o**2 - 11*o. Let h be p(-8). Suppose 10 = -2*c, h*r - 4*c - 65 = -3*r. List the prime factors of r.
3
Let a(h) = 19*h**2 - 27*h - 82. What are the prime factors of a(20)?
2, 3, 1163
Suppose -f = 3*f. Suppose -5*h + 52 - 12 = f. Suppose 18*r - h*r - 2590 = 0. List the prime factors of r.
7, 37
Suppose -3*h - 82 = -m, 4*m - 84 = 3*h + m. Let x = h + 28. Suppose -2*k + 4*w = 1 - 15, k + x = -2*w. What are the prime factors of k?
3
Let n = -18 + -6. Let l be -4*3/n*2*5. Suppose 770 = l*p - 5*j, p + 0*p = 5*j + 154. What are the prime factors of p?
2, 7, 11
Let d(z) = -11*z - 48. Let s(n) = -9*n - 50. Let t(j) = 5*d(j) - 4*s(j). What are the prime factors of t(-13)?
3, 23
Let h(b) = -b**3 - 4*b**2 - 8*b - 94. Let j(f) = 7*f + 271. Let w be j(-40). What ar